 452/(-14). Suppose 0 = -k + m - 9. Is k a composite number?
False
Suppose 157 = -4*r + 1641. Suppose -2*a = -a - r. Suppose 4*v + 0*v - 523 = 3*u, 2*u - a = -3*v. Is v a composite number?
False
Let s = 13 + -21. Let g = -6 - s. Suppose t + g*t - 21 = 0. Is t a composite number?
False
Suppose 2*y = -2*x - 20, 2*y + 2*y - x + 30 = 0. Let a = -4 - y. Is a a prime number?
False
Suppose 4*w - v - 19 = 0, 0 = 5*w - 3*v + 5 - 27. Suppose 97 + 784 = 5*m - 4*p, -5*m - w*p + 890 = 0. Is m a prime number?
False
Let i(z) = -5*z. Let h be i(3). Let x be (h/(-12))/(1/28). Suppose x = 2*a + 3*a. Is a a composite number?
False
Suppose -o + 48 = o. Let h = o - -13. Is h a prime number?
True
Let n be -3 + 1 + 12 + -6. Suppose -2*c = -2*h - 4*c + 222, -555 = -5*h - n*c. Is h a composite number?
True
Let x = 26 - 10. Suppose 4*w - 40 = -x. Is w a prime number?
False
Suppose -2*c + 4*c - 4*l - 16 = 0, -c = 5*l - 22. Suppose -4*o - c = -t - 376, 3*t = 0. Let n = o - 60. Is n a prime number?
True
Suppose 5*u - s - 31 = -0, 0 = -2*u - 4*s + 30. Let g(w) = 8*w - 3. Is g(u) a composite number?
False
Suppose -t - 28 = 4*j + 2*t, 4*j = t - 12. Let m = j + 2. Is (-1)/(-2)*m*-14 composite?
True
Let g be 2/(-4)*(1 - 1). Suppose g = 5*m + 20, 0 = -4*p + m + 24 + 1648. Is p a prime number?
False
Let w(c) = 101*c + 4. Is w(11) prime?
False
Suppose 3*i = -5*h - 0 + 18, -4*h - 2*i + 16 = 0. Let p(x) = -x**3 + 6*x**2 - 2*x - 2. Let s be p(h). Let k = -3 - s. Is k composite?
False
Let k(b) = -b**3 + 2*b**2 + 2*b + 1. Let z = -5 + 4. Let y = -2 - z. Is k(y) composite?
False
Suppose 0 = 5*j - 4*k + 8, 8 = -5*j - k - 15. Let p = j - -13. Let x = 60 + p. Is x a composite number?
True
Let y(q) = q - 12. Let g(d) = 2*d - 11. Let w(m) = 2*g(m) - 3*y(m). Let h be w(-9). Suppose -h*v + 379 = 9. Is v a prime number?
False
Let s = -930 - -1483. Is s composite?
True
Let q(d) = 9*d + 191. Is q(0) composite?
False
Suppose -90 - 265 = -5*n. Is n prime?
True
Let m(s) be the second derivative of s**6/120 + 3*s**5/20 + 7*s**4/24 + s**3/2 - 2*s**2 - 2*s. Let t(g) be the first derivative of m(g). Is t(-6) prime?
False
Let a(f) = -1104*f - 1. Is a(-4) prime?
False
Let r = -858 - -1349. Is r a composite number?
False
Is 679/(-21)*3/(-2)*22 a composite number?
True
Let s(j) = j**2 - 8*j + 10. Let z be s(7). Suppose 2*v = 5*q - 21, -17 = -4*v - z*q + 6. Is v/8 + 198/8 a composite number?
True
Let h(s) = 71*s + 1. Let j be h(1). Is 2/(2 - j/38) prime?
True
Let d(t) = -t**3 - t**2 + 12*t + 23. Is d(-10) prime?
False
Let o(d) be the first derivative of 10*d**3/3 - 3*d + 1. Let g(x) = x**3 + 4*x**2 - 5*x + 3. Let p be g(-5). Is o(p) a composite number?
True
Suppose -5*d - k + 2362 = -11438, k - 11041 = -4*d. Is d prime?
False
Suppose 3*w = -4*r + 5287, -3*w + 8823 = 2*w + r. Suppose -3*u - 196 = -w. Suppose -4*d + u = 195. Is d prime?
False
Suppose 3 - 1 = n. Suppose -2*g = -n*z + 3*z - 21, -4*z = g - 63. Is z prime?
False
Suppose 7 = 4*y - 209. Let w be -1 - 1 - (1 + 32). Let d = w + y. Is d a composite number?
False
Let k(d) = -11*d - 2. Let t be k(2). Let m = -5 - t. Is m a composite number?
False
Suppose -2*p = -v - 291, -3*p - 2*p - 2*v = -723. Is p composite?
True
Let a be 2/(-1) - -1*142. Suppose 5*x - x = a. Let r = x + -14. Is r a prime number?
False
Suppose -5*i = -4*w + 7546, 4*i + w = -0*w - 6041. Is 6/(-9) - i/6 a prime number?
True
Let b be ((-160)/(-5))/((-2)/(-3)). Suppose -2*l = -3*v - 47, -v - b - 102 = -5*l. Is l a composite number?
False
Let c(k) = 21*k**2 + 8*k - 10. Is c(3) a composite number?
True
Let b(v) = -v**3 + 6*v**2 + 5*v + 7. Let h be b(7). Let k(g) = 3*g**2 - 5*g + 3. Let l(i) = 2*i**2 - 2*i + 2. Let x(p) = -3*k(p) + 5*l(p). Is x(h) composite?
True
Let p = -690 - -1371. Is p a prime number?
False
Let x(r) = -23*r + 12. Let c(h) = -18*h - 11*h + 5*h - 5 + 18. Let f(m) = 6*c(m) - 7*x(m). Is f(5) a composite number?
False
Suppose -8 = -2*r - 28. Let i = r - -14. Suppose -2*t = -i*t + 254. Is t composite?
False
Is 4145/13 - (-26)/169 prime?
False
Suppose -3*o + 471 = -5*j, -4*o + 628 = -4*j - j. Is o a composite number?
False
Suppose -5*n - 1681 = -6886. Is n prime?
False
Is 3*1 + (1 - -2060 - 5) prime?
False
Let n(r) = -r + 4. Let z be n(4). Suppose -l - 2*l + 66 = z. Is l prime?
False
Is ((-17932)/8 + -2)/((-3)/6) prime?
False
Let u = 4 + -1. Suppose 0 = -u*h - 3 + 42. Is h prime?
True
Let n(p) = -3*p**3 - 7*p**2 + p + 2. Let j(w) = -4*w**3 - 7*w**2 + w + 1. Let t(u) = -2*j(u) + 3*n(u). Is t(-9) a prime number?
True
Let f(y) = 26*y**2 + 2*y + 7. Is f(5) a prime number?
False
Suppose -i + 5*g = 23, -5*i + 3*i - 5*g + 29 = 0. Suppose -i*r = -r - 51. Is r a prime number?
False
Suppose 5*i - 4*p = -5*p + 574, 0 = 4*i - 2*p - 462. Is i composite?
True
Let i be 0 + 2 - 0/(-6). Suppose 0*x - 70 = -i*x. Is x composite?
True
Suppose 3*l - r - 4*r = 2391, -2391 = -3*l + 4*r. Is l prime?
True
Let t = 16 + -13. Is (t + -428 + -2)/(-1) a composite number?
True
Suppose -5*l + 20 = -15. Suppose -2*z + 4*j = -30, -3*z - 3*j = -6*z + 33. Suppose -b + z = -l. Is b prime?
False
Let s = 427 + -18. Is s prime?
True
Let o be (-270)/(-63)*252/2. Suppose i - o = -4*i - 5*d, -4 = -2*d. Is i prime?
False
Let h be 1/(-2) - 18/(-4). Is 2/(3522/879 - h) composite?
False
Let h(l) = 20*l**2 - 7*l - 10. Is h(-3) a composite number?
False
Let c = 96 + 1727. Is c composite?
False
Suppose 3*j - 4*a = 4*j - 18, j = 3*a - 17. Is (1/(-2))/(j/88) a prime number?
False
Suppose 0 = -4*l - 16, 0 = -3*j + 6*j + 3*l. Let v(n) = -n**3 - 1 + 2 + n**2 - 2*n**2 + j*n. Is v(-4) prime?
False
Suppose 4*v + 93 = 3*o - 24706, 4*o - 4*v - 33068 = 0. Is o a composite number?
False
Let p be 12/(-10)*40/(-12). Suppose o - p = -2. Suppose 4*z = o*z + 290. Is z a composite number?
True
Suppose -4*m + 0 + 16 = 0. Suppose 18 - 2 = 2*x - m*i, 5*i = -2*x + 43. Is x prime?
False
Is (-2 + 7318 + 2)*2/4 a composite number?
False
Let z(v) = v**2 - 6*v + 4. Let y be z(6). Let l(w) = 9*w - 2*w + 2*w**2 + 2*w**2 - 6 - w**3. Is l(y) a composite number?
True
Is 3/(7 - 4)*94 a composite number?
True
Suppose 0 = 2*f - 5*f - 5*z + 19, -4*f - 2*z = -30. Suppose f*o - 3*o - 2*p = 245, 0 = -2*o - p + 98. Is o composite?
True
Let p(m) = -m**3 + m**2 + m + 47. Let j(c) = -c**3 + c**2. Let q be j(-1). Let o be (-4)/(-12) + q/(-6). Is p(o) composite?
False
Let v(n) = 5*n**2 - 2 + 4*n + 5*n**2 + 3. Is v(-6) composite?
False
Let i(d) = -d**2 - d + 189. Let c(n) = -3*n**2 - 3*n + 377. Let l(m) = -2*c(m) + 5*i(m). Is l(0) prime?
True
Let z be (-2)/(-6) - (-652)/(-12). Let f = -33 - z. Is f prime?
False
Suppose -z + 157 = 4*u, -5*z + 2*u + 485 = -2*z. Is z a composite number?
True
Let w be 55/(-15) - (-2)/(-6). Is (5 + w)*(35 - 0) composite?
True
Let y(v) = v**2 + 2*v - 3. Let b be y(2). Suppose -752 - 3233 = -b*i. Is i a composite number?
False
Let f(v) = -v**2 + 10*v + 8. Let x be f(10). Is ((-381)/12)/((-2)/x) composite?
False
Let w(p) = -p**3 + 8*p**2 - 6*p - 10. Let k be w(7). Is 130 - 6/(5 + k) a composite number?
False
Is 2258/10 + 5/25 composite?
True
Let d = 213 - -304. Is d composite?
True
Suppose j + 887 = 2*f + 2*f, -3*f + j + 664 = 0. Is f a composite number?
False
Let w = -7 - -11. Let h(t) = 3*t. Let p be h(w). Suppose -3*u = 3*c - c - 51, 0 = -4*c - p. Is u composite?
False
Let b be (-1)/(-1) - (-2 - -6). Let n be (-10)/(-1)*(2 - b). Let f = n - 15. Is f composite?
True
Suppose 45*d = 43*d + 114. Is d a composite number?
True
Suppose 2*a = -3*m + 178, -4*a + 292 + 20 = -5*m. Suppose -3*n - 2*p + a = -22, 2*n - p - 63 = 0. Is n prime?
False
Let m be (-36)/(-20) - 1/(-5). Suppose 4*v + m*i - 188 = 274, -3*v + 324 = -3*i. Is v a prime number?
True
Let l(r) = -3*r + 13. Is l(-14) prime?
False
Let t be (0 + 4/(-12))*-3. Is 179 + -1 - (2 - t) a composite number?
True
Let p = 10 - 5. Suppose 0 = 3*i - 2*i + p, -d - 3*i = -24. Is d a composite number?
True
Let s = -224 + 321. Is s a prime number?
True
Let i be (-3 - (-9)/2)*8. Is ((-21)/i)/((-1)/92) prime?
False
Let p = 38 + 153. Is p a composite number?
False
Suppose 0 = -4*h + z + 50 + 463, z = -5. Is h composite?
False
Let i = -13 - -15. Suppose i*t + 2*t = 136. Is t prime?
False
Let k be 1*(-1)/(1/(-4)). Let m = k + -1. Suppose -m*a + 44 = -1. Is a a composite number?
True
Let l(n) = -7*n + 13 - 